at are the prime factors of p?
2, 3023
Let i(b) = -7*b - 12. Let w be i(-2). Suppose -w*s + 1276 = c + 3*c, 0 = 3*s - 2*c - 1946. List the prime factors of s.
2, 17, 19
Let c(x) = -2*x. Let p be c(4). Let h = p + 6. What are the prime factors of 66*2 + h/(2/(-1))?
7, 19
Suppose -7*q + 46*q = 310713. What are the prime factors of q?
31, 257
Let d = -107 + 285. Let v = d + -167. What are the prime factors of v?
11
Let a(z) be the second derivative of -4*z**3/3 + 34*z**2 - 16*z + 1. What are the prime factors of a(-5)?
2, 3
Let g(a) be the second derivative of a**5/20 + 3*a**4/2 - 7*a**3/3 + 13*a**2/2 + 32*a. Let y be g(-19). What are the prime factors of (y/(-4))/(-2 + 9/4)?
2, 41
Let d(y) = 2*y**3 - y**2 - 5*y + 4. Let g be d(3). Let x = g + -37. What are the prime factors of 4 + x - 296/(-2)?
149
Let h(i) = 66*i + 523. Let u be h(-8). Let o(v) = -202*v + 274. List the prime factors of o(u).
2, 3, 107
Let b be (28/36 - -3) + (-2)/(-9). Suppose -b*j - 9 = 2*w - 5*w, -5*w + 4*j = -7. What are the prime factors of (-2)/8*w + 303/4?
2, 19
Let x = -207 + 210. Suppose -f + 2590 = x*k - 0*f, -5*k + 2*f + 4302 = 0. List the prime factors of k.
2, 431
Let g be ((-4)/12)/(2/78). Let z be -4 - 3/(3/g). List the prime factors of (-544)/51*z*6/(-8).
2, 3
List the prime factors of 49/294 - (260215/(-30) - 0).
2, 4337
Suppose -10*a + 51 = -1179. Let u = a + -121. Suppose -4*i - 3*g + 430 = 0, u*g + 526 = 9*i - 4*i. List the prime factors of i.
2, 53
Let p(a) = -116*a**3 + a**2 - 37*a - 178. List the prime factors of p(-5).
2, 3, 7, 173
Let x(v) = v**3 - 7*v + 17. Let l be x(5). Let f = l + 43. Let q = 23 + f. List the prime factors of q.
173
Let l = 24757 + -6906. List the prime factors of l.
17851
Let m be 596/16 - (-3 + 39/12). Suppose 13*q - m*q + 17496 = 0. List the prime factors of q.
3
Let n be (1*-1)/(-1) - -163. Let w be (-38 - -36)*134/(-4). Let g = n - w. What are the prime factors of g?
97
Let h be 45/6*((-20)/15 - -2). Suppose -h*k + k + 112 = 0. Suppose -4*f + k = -112. List the prime factors of f.
5, 7
Let l be 10/(-4)*(-48)/40. Suppose 124 + 41 = -l*x. What are the prime factors of (24/(-5))/2*x?
2, 3, 11
Let n(s) = 2*s + 52. Let t be n(-27). What are the prime factors of 121 - (21/21)/(1 + t)?
2, 61
Let w(j) = -j**3 - 25*j**2 + 223*j + 56. What are the prime factors of w(-36)?
2, 1571
Let m = -2 - -43. Suppose -m = 13*p - 14*p. Suppose 4*h - 85 - 23 = -2*t, -3*t - p = -h. List the prime factors of h.
29
Suppose 3*t - 247 = -4*n, -2*n + t + 111 = -0*t. Suppose -n + 56 = -a. Suppose a*c - 48 = 50. What are the prime factors of c?
7
Suppose 5*u - 13 = 2*t, 4*t + 5 = -u + 4*u. Suppose -3 = -u*y + 12. Suppose -3*k - 60 = -4*s - 210, y*s - 123 = -2*k. What are the prime factors of k?
2, 3
What are the prime factors of ((-42915)/(-12))/((-21 + 18)*1/(-12))?
5, 2861
Let g(m) = 2*m**2 - 6*m - 39. Let j be g(11). List the prime factors of j/2*11/(77/70).
5, 137
Let q be (1 - (-10)/6)/(636/954). Suppose 3*r - 790 - 1182 = -q*f, 2628 = 4*r + 5*f. List the prime factors of r.
2, 163
Let x be ((-14)/(-70) + (-12)/10)*-385. Let m = x + -76. List the prime factors of m.
3, 103
Suppose -5*m - 3*i + 56 = 0, 48 = -14*m + 19*m - i. Suppose 0 = m*g + 686 - 4636. List the prime factors of g.
5, 79
Let v = -8952 - -28843. What are the prime factors of v?
19891
Suppose 0 = 53*i - 86*i + 1742631. What are the prime factors of i?
52807
Suppose -4*q + 82 - 298 = 0. List the prime factors of 80/(-3 - 174/q).
2, 3, 5
Let c(h) = 4*h**2 + 53*h - 793. List the prime factors of c(-62).
11, 13, 79
Let w(b) = -b**3 + 10*b**2 + 12*b - 9. Let s = -73 + 84. Let q be w(s). Suppose -5*n + q*n + 201 = 0. List the prime factors of n.
67
List the prime factors of (0 - 6)/(-1) - ((-1 - -3) + -4885).
4889
Let w = 127452 - 77857. What are the prime factors of w?
5, 7, 13, 109
Suppose -5*f + 542 = 3*l, -2*f + 383 = 2*l - 3*f. Let v(b) = b**3 + 15*b**2 - 9*b - 8. Let a be v(-16). Let j = a + l. What are the prime factors of j?
3, 23
Let n(g) = 6443*g + 919. What are the prime factors of n(6)?
19, 2083
Let m = 1633 + -818. Let l = m - 336. List the prime factors of l.
479
Suppose -3*v - 4*l + 78630 = 0, 3*v + 1228*l - 78639 = 1227*l. List the prime factors of v.
2, 3, 17, 257
Let c be (-4)/10 - 7/(210/(-762)). List the prime factors of (-5398)/(-7) + c/(-175).
3, 257
Suppose 4*t - 4*k = -0*k, -30 = -5*t - k. Suppose 0 = t*y - 9 + 4. What are the prime factors of (418/(-88))/(y/(-4))?
19
What are the prime factors of 180/(-36) + 1*13540/2?
3, 5, 11, 41
Let q = 41 - 36. Suppose -3*a = -4*w - 28, q*w = a - 33 + 9. Suppose -a*z + 162 = -150. What are the prime factors of z?
2, 3, 13
Let z(b) = -2*b - 9. Let y be z(-19). Let s = y + -25. Suppose -s*l - 163 = -3*i - 0*i, -4*i = -3*l - 229. List the prime factors of i.
61
Let p be (2/(-7))/((-22)/308). Let i(q) = q**3 + q + q + p*q - 2 - 3. What are the prime factors of i(3)?
2, 5
Let h(q) = q**3 + 41*q**2 - 115*q + 44. What are the prime factors of h(18)?
2, 5, 1709
Suppose g + b = 15, g - b = -0*g + 25. Suppose 5*v + 3*s = -1 + 34, 4*v = -4*s + g. Let w(z) = -z**2 + 9*z + 10. List the prime factors of w(v).
2, 5
Let i(s) = 39*s**2 - 12*s - 396. List the prime factors of i(-22).
2, 3, 11, 71
Suppose 3467 + 643 = -10*j. Let s = j + 916. List the prime factors of s.
5, 101
Suppose -23*n + 42*n = -101*n + 4371720. What are the prime factors of n?
17, 2143
Suppose 7068*q + 162256 = 7084*q. List the prime factors of q.
10141
Suppose 0 = 5*x - 4*h - 35, 18 = 5*x - 2*h - 7. List the prime factors of (99 + -1)*x/1.
2, 3, 7
Let p(m) be the second derivative of 0 - 30*m + 3/4*m**4 - 1/20*m**5 + 5/3*m**3 + 3/2*m**2. List the prime factors of p(6).
3, 19
Suppose 20*u - 3*g + 6770 = 22*u, 5*u = -2*g + 16925. Suppose 5*x - u = -5*s, -12*x + 1 = -13*x. List the prime factors of s.
2, 3, 113
Let g(r) = -r**3 - 6*r**2 - 5*r + 15. Let w be g(-7). Let y = w - 107. What are the prime factors of (-1 - 0)/(9569/1197 + y)?
3, 19
Let s(z) = 160*z**2 - 23*z + 70. Let x be s(4). Suppose -20*l + x = -14*l. What are the prime factors of l?
3, 47
What are the prime factors of 14*-1 - (38 + -2591)?
2539
Let h be -1*0*(9/6 + -1). Suppose 3*a = x + 7, -2*x + 0*x + 2*a = -2. Suppose 3*b = 5*j - 9 + 79, b - x*j - 20 = h. List the prime factors of b.
5
Let v(l) = -1413*l - 852. What are the prime factors of v(-11)?
3, 59, 83
Suppose -30 = -4*q - 10. Suppose 604 + 80 = q*w + 2*h, -w + h = -141. Let y = w + -60. What are the prime factors of y?
2, 3, 13
Let c(k) = 159*k + 132. Let w be c(12). Suppose 5*i = i + w. List the prime factors of i.
2, 3, 5, 17
Let c = -311 - -311. Suppose -873 = -3*z - 3*b, c*z + 5*b = 3*z - 873. What are the prime factors of z?
3, 97
Let i(h) = -29*h**3 - 34*h**2 - 169*h + 28. What are the prime factors of i(-7)?
2, 3, 7, 113
Let g = -11166 + 13728. What are the prime factors of g?
2, 3, 7, 61
Suppose -154*r + 1500956 = -747289 - 74229. What are the prime factors of r?
3, 11, 457
Let v(c) = -c**2 - 437*c - 114. What are the prime factors of v(-55)?
2, 653
Let o(f) = 11*f**2 + 51*f - 2. List the prime factors of o(24).
2, 3779
Suppose 0*x - 4*x - 2*t = 112, 4*t + 116 = -4*x. Let p = x - -125. Suppose 15*u - p = 8*u. List the prime factors of u.
2, 7
Let o be 2736/42 - 2/14. Let h = -38 + o. List the prime factors of (-1648)/(-12) - -3*(-3)/h.
137
Let m(p) = -213*p - 7773. List the prime factors of m(-86).
3, 5, 19, 37
Let t be 32/(-40) + (-12)/10. List the prime factors of 539 - (t/6)/((-2)/6).
2, 269
Suppose 0 = -2*v - 6, -4*y = -5*v + 15 - 74. Suppose -5*j = y*j - 1856. List the prime factors of j.
2, 29
Let v(a) = -23*a - 30. Let w be v(-6). Suppose -6*k = -2*k + w. What are the prime factors of (3/k*-906)/((-4)/(-6))?
151
What are the prime factors of -4*(-3)/(-2) - (-41990)/(135/27)?
2, 1049
Suppose 0 = -47*y - 10*m + 11*m + 3667043, y = 3*m + 78049. What are the prime factors of y?
2, 7, 5573
Suppose 2*c = -3*q - 14, 3*q + 30 - 4 = 4*c. What are the prime factors of (-2)/(-10)*q*7380/(-27)?
2, 41
Suppose 0 = 7*m - 545 - 715. Let o = m + -116. List the prime factors of o.
2
Let l = 24558 - 6951. What are the prime factors of l?
3, 5869
Let i(x) be the third derivative of 37*x**6/720 + x**5/15 - 5*x**4/12 - 19*x**2. Let q(z) be the second derivativ